he hundred thousands digit of 205614?
2
What is the millions digit of 22709644?
2
What is the tens digit of 6201630?
3
What is the hundreds digit of 19785165?
1
What is the tens digit of 14343137?
3
What is the units digit of 5361519?
9
What is the ten thousands digit of 464486?
6
What is the units digit of 1133159?
9
What is the tens digit of 222539?
3
What is the units digit of 114265?
5
What is the millions digit of 17046766?
7
What is the thousands digit of 376195?
6
What is the hundred thousands digit of 1412276?
4
What is the hundred thousands digit of 244426?
2
What is the tens digit of 1196793?
9
What is the ten thousands digit of 678238?
7
What is the thousands digit of 775437?
5
What is the hundred thousands digit of 305008?
3
What is the ten thousands digit of 4295293?
9
What is the units digit of 229773?
3
What is the ten thousands digit of 1032696?
3
What is the thousands digit of 95933?
5
What is the tens digit of 3256?
5
What is the tens digit of 23189?
8
What is the tens digit of 2758284?
8
What is the units digit of 3753102?
2
What is the ten thousands digit of 163354?
6
What is the ten thousands digit of 458786?
5
What is the thousands digit of 222234?
2
What is the hundreds digit of 273988?
9
What is the hundreds digit of 1933142?
1
What is the hundreds digit of 5992795?
7
What is the tens digit of 15732294?
9
What is the units digit of 3339860?
0
What is the hundreds digit of 20265173?
1
What is the hundred thousands digit of 6052522?
0
What is the tens digit of 20556389?
8
What is the thousands digit of 6412286?
2
What is the tens digit of 745611?
1
What is the ten thousands digit of 1833626?
3
What is the ten thousands digit of 3923654?
2
What is the ten thousands digit of 3948981?
4
What is the ten thousands digit of 3216396?
1
What is the tens digit of 2798917?
1
What is the thousands digit of 6728681?
8
What is the thousands digit of 11362463?
2
What is the units digit of 8730317?
7
What is the ten thousands digit of 1193059?
9
What is the hundred thousands digit of 568169?
5
What is the thousands digit of 5048830?
8
What is the tens digit of 4310958?
5
What is the ten thousands digit of 804767?
0
What is the hundred thousands digit of 611241?
6
What is the tens digit of 1652971?
7
What is the ten thousands digit of 13143355?
4
What is the tens digit of 1515245?
4
What is the thousands digit of 2391267?
1
What is the units digit of 120725?
5
What is the hundred thousands digit of 2299319?
2
What is the ten thousands digit of 7474889?
7
What is the units digit of 438291?
1
What is the thousands digit of 767220?
7
What is the millions digit of 1060484?
1
What is the millions digit of 5184370?
5
What is the millions digit of 13361076?
3
What is the units digit of 131231?
1
What is the hundreds digit of 3338951?
9
What is the units digit of 7015922?
2
What is the millions digit of 4985363?
4
What is the units digit of 581940?
0
What is the ten thousands digit of 19909?
1
What is the hundred thousands digit of 454060?
4
What is the thousands digit of 374174?
4
What is the thousands digit of 554758?
4
What is the hundred thousands digit of 403962?
4
What is the units digit of 72710?
0
What is the hundred thousands digit of 2721844?
7
What is the hundred thousands digit of 1684991?
6
What is the hundreds digit of 349962?
9
What is the hundreds digit of 222732?
7
What is the tens digit of 300566?
6
What is the hundreds digit of 1040986?
9
What is the ten thousands digit of 384499?
8
What is the millions digit of 11401151?
1
What is the hundreds digit of 4028212?
2
What is the hundred thousands digit of 811521?
8
What is the tens digit of 46825?
2
What is the tens digit of 1175594?
9
What is the millions digit of 2383134?
2
What is the hundred thousands digit of 373740?
3
What is the units digit of 116522?
2
What is the hundreds digit of 34749?
7
What is the hundred thousands digit of 344363?
3
What is the hundreds digit of 2404464?
4
What is the hundreds digit of 502331?
3
What is the tens digit of 245052?
5
What is the hundred thousands digit of 289671?
2
What is the hundred thousands digit of 121991?
1
What is the ten thousands digit of 8560631?
6
What is the hundreds digit of 4713275?
2
What is the thousands digit of 1307649?
7
What is the thousands digit of 1894382?
4
What is the units digit of 1072388?
8
What is the units digit of 7116?
6
What is the hundred thousands digit of 116783?
1
What is the hundred thousands digit of 2631274?
6
What is the ten thousands digit of 273300?
7
What is the tens digit of 10495212?
1
What is the units digit of 306678?
8
What is the units digit of 103153?
3
What is the hundreds digit of 929081?
0
What is the hundreds digit of 750524?
5
What is the ten thousands digit of 4961993?
6
What is the tens digit of 637387?
8
What is the units digit of 16569177?
7
What is the ten thousands digit of 362284?
6
What is the thousands digit of 252043?
2
What is the units digit of 325513?
3
What is the thousands digit of 155964?
5
What is the units digit of 731252?
2
What is the hundreds digit of 36092453?
4
What is the hundred thousands digit of 5718869?
7
What is the thousands digit of 14643934?
3
What is the ten millions digit of 36025738?
3
What is the hundred thousands digit of 8081061?
0
What is the thousands digit of 794868?
4
What is the millions digit of 4736730?
4
What is the thousands digit of 179978?
9
What is the ten millions digit of 33783228?
3
What is the tens digit of 8859090?
9
What is the hundred thousands digit of 777971?
7
What is the ten thousands digit of 783213?
8
What is the hundreds digit of 3611842?
8
What is the thousands digit of 497049?
7
What is the hundreds digit of 5903?
9
What is the ten thousands digit of 1552819?
5
What is the thousands digit of 26966035?
6
What is the hundred thousands digit of 24447791?
4
What is the millions digit of 30878232?
0
What is the thousands digit of 2968039?
8
What is the hundreds digit of 292900?
9
What is the hundred thousands digit of 647806?
6
What is the hundreds digit of 104214?
2
What is the hundred thousands digit of 1530854?
5
What is the millions digit of 1263274?
1
What is the units digit of 1895930?
0
What is the hundreds digit of 17106983?
9
What is the tens digit of 234783?
8
What is the thousands digit of 986290?
6
What is the thousands digit of 3975027?
5
What is the units digit of 19427?
7
What is the hundred thousands digit of 525624?
5
What is the hundreds digit of 717780?
7
What is the hundred thousands digit of 567847?
5
What is the hundred thousands digit of 4163226?
1
What is the units digit of 65014?
4
What is the hundreds digit of 848032?
0
What is the hundred thousands digit of 162000?
1
What is the ten thousands digit of 192761?
9
What is the tens digit of 21664022?
2
What is the units digit of 189873?
3
What is the ten thousands digit of 2135222?
3
What is the tens digit of 18343336?
3
What is the hundreds digit of 4380?
3
What is the tens digit of 285845?
4
What is the tens digit of 926423?
2
What is the millions digit of 4247028?
4
What is the millions digit of 3200067?
3
What is the millions digit of 2195972?
2
What is the thousands digit of 605636?
5
What is the hundred thousands digit of 1383740?
3
What is the tens digit of 1561147?
4
What is the hundreds digit of 2890733?
7
What is the thousands digit of 565545?
5
What is the hundreds digit of 841617?
6
What is the hundred thousands digit of 13321787?
3
What is the ten thousands digit of 136879?
3
What is the tens digit of 255509?
0
What is the units digit of 167492?
2
What is the tens digit of 2506078?
7
What is the hundreds digit of 72158?
1
What is the hundred thousands digit of 1979962?
9
What is the hundreds digit of 3942860?
8
What is the thousands digit of 2362275?
2
What is the tens digit of 2256059?
5
What is the thousands digit of 4339138?
9
What is the hundred thousands digit of 841483?
8
What is the tens digit of 29354958?
5
What is the hundred thousands digit of 545125?
5
What is the millions digit of 1331617?
1
What is the units digit of 150465?
5
What is the units digit of 93675?
5
What is the thousands digit of 722511?
2
What is the units digit of 52246?
6
What is the tens digit of 401922?
2
What is the hundred thousands digit of 339962